{"id":1303,"date":"2021-07-05T00:18:06","date_gmt":"2021-07-04T22:18:06","guid":{"rendered":"https:\/\/maternelle.providence-wavre.be\/?page_id=1303"},"modified":"2026-08-19T20:14:06","modified_gmt":"2026-08-19T18:14:06","slug":"garderies","status":"publish","type":"page","link":"https:\/\/maternelle.providence-wavre.be\/index.php\/garderies\/","title":{"rendered":"Garderies et activit\u00e9s parascolaires  2026-2027"},"content":{"rendered":"\n<p class=\"has-text-align-center wp-block-paragraph\"><strong>AVEC <\/strong>Educ&amp;Sport ASBL<\/p>\n\n\n\n<div data-wp-interactive=\"core\/file\" class=\"wp-block-file\"><object data-wp-bind--hidden=\"!state.hasPdfPreview\" hidden class=\"wp-block-file__embed\" data=\"https:\/\/maternelle.providence-wavre.be\/wp-content\/uploads\/2026\/08\/Providence-Wavre.pdf\" type=\"application\/pdf\" style=\"width:100%;height:600px\" aria-label=\"Contenu embarqu\u00e9 Providence Wavre.\"><\/object><a id=\"wp-block-file--media-bb7f0c1e-fbb7-479c-b618-aa8a2399b69d\" href=\"https:\/\/maternelle.providence-wavre.be\/wp-content\/uploads\/2026\/08\/Providence-Wavre.pdf\">Providence Wavre<\/a><a href=\"https:\/\/maternelle.providence-wavre.be\/wp-content\/uploads\/2026\/08\/Providence-Wavre.pdf\" class=\"wp-block-file__button wp-element-button\" download aria-describedby=\"wp-block-file--media-bb7f0c1e-fbb7-479c-b618-aa8a2399b69d\">T\u00e9l\u00e9charger<\/a><\/div>\n\n\n\n<p class=\"wp-block-paragraph\"><\/p>\n\n\n\n<p class=\"wp-block-paragraph\">Pour l&rsquo;<strong>ATL (garderies)<\/strong>, aucune inscription n&rsquo;est n\u00e9cessaire. Tous les enfants sont les bienvenus, que ce soit pour l&rsquo;accueil du matin, le temps de midi ou l&rsquo;accueil du soir. Vous utilisez simplement le service lorsque vous en avez besoin.<\/p>\n\n\n\n<div class=\"wp-block-columns is-layout-flex wp-container-core-columns-is-layout-8f761849 wp-block-columns-is-layout-flex\">\n<div class=\"wp-block-column is-layout-flow wp-block-column-is-layout-flow\" style=\"flex-basis:100%\">\n<div class=\"wp-block-group is-nowrap is-layout-flex wp-container-core-group-is-layout-8f761849 wp-block-group-is-layout-flex\">\n<p class=\"wp-block-paragraph\">Nos\u00a0<strong>activit\u00e9s parascolaires<\/strong>\u00a0sont elles aussi de retour avec de belles propositions : anglais, danse, coffre sports&#8230; L\u00e0 aussi, le nombre de places est limit\u00e9 afin de pr\u00e9server la qualit\u00e9 des groupes. Si une activit\u00e9 int\u00e9resse votre enfant, nous vous conseillons de ne pas trop attendre. <\/p>\n\n\n\n<p class=\"wp-block-paragraph\"><strong>Inscription aux activit\u00e9s parascolaires : <\/strong><a href=\"https:\/\/www15.iclub.be\/register.asp?ClubID=611&amp;CategorieEvenement=Cours&amp;LG=FR&amp;action=Search\">https:\/\/www15.iclub.be\/register.asp?ClubID=611&amp;CategorieEvenement=Cours&amp;LG=FR&amp;action=Search<\/a><\/p>\n\n\n\n<p class=\"wp-block-paragraph\"><\/p>\n<\/div>\n\n\n\n<div class=\"wp-block-group\"><div class=\"wp-block-group__inner-container is-layout-constrained wp-block-group-is-layout-constrained\">\n<div class=\"wp-block-columns is-layout-flex wp-container-core-columns-is-layout-8f761849 wp-block-columns-is-layout-flex\">\n<div class=\"wp-block-column is-layout-flow wp-block-column-is-layout-flow\" style=\"flex-basis:100%\"><\/div>\n<\/div>\n<\/div><\/div>\n<\/div>\n<\/div>\n","protected":false},"excerpt":{"rendered":"<p>AVEC Educ&amp;Sport ASBL Pour l&rsquo;ATL (garderies), aucune inscription n&rsquo;est n\u00e9cessaire. Tous les enfants sont les bienvenus, que ce soit pour l&rsquo;accueil du matin, le temps de midi ou l&rsquo;accueil du soir. Vous utilisez simplement le service lorsque vous en avez besoin. Nos\u00a0activit\u00e9s parascolaires\u00a0sont elles aussi de retour avec de belles propositions : anglais, danse, coffre &hellip; <\/p>\n<p class=\"link-more\"><a href=\"https:\/\/maternelle.providence-wavre.be\/index.php\/garderies\/\" class=\"more-link\">Continuer la lecture<span class=\"screen-reader-text\"> de &laquo;&nbsp;Garderies et activit\u00e9s parascolaires  2026-2027&nbsp;&raquo;<\/span><\/a><\/p>\n","protected":false},"author":1,"featured_media":0,"parent":0,"menu_order":0,"comment_status":"closed","ping_status":"closed","template":"","meta":{"footnotes":""},"class_list":["post-1303","page","type-page","status-publish","hentry"],"_links":{"self":[{"href":"https:\/\/maternelle.providence-wavre.be\/index.php\/wp-json\/wp\/v2\/pages\/1303","targetHints":{"allow":["GET"]}}],"collection":[{"href":"https:\/\/maternelle.providence-wavre.be\/index.php\/wp-json\/wp\/v2\/pages"}],"about":[{"href":"https:\/\/maternelle.providence-wavre.be\/index.php\/wp-json\/wp\/v2\/types\/page"}],"author":[{"embeddable":true,"href":"https:\/\/maternelle.providence-wavre.be\/index.php\/wp-json\/wp\/v2\/users\/1"}],"replies":[{"embeddable":true,"href":"https:\/\/maternelle.providence-wavre.be\/index.php\/wp-json\/wp\/v2\/comments?post=1303"}],"version-history":[{"count":23,"href":"https:\/\/maternelle.providence-wavre.be\/index.php\/wp-json\/wp\/v2\/pages\/1303\/revisions"}],"predecessor-version":[{"id":6084,"href":"https:\/\/maternelle.providence-wavre.be\/index.php\/wp-json\/wp\/v2\/pages\/1303\/revisions\/6084"}],"wp:attachment":[{"href":"https:\/\/maternelle.providence-wavre.be\/index.php\/wp-json\/wp\/v2\/media?parent=1303"}],"curies":[{"name":"wp","href":"https:\/\/api.w.org\/{rel}","templated":true}]}}

Garderies et activités parascolaires  2026-2027

<p class="has-text-align-center wp-block-paragraph"><strong>AVEC </strong>Educ&amp;Sport ASBL</p>



<div data-wp-interactive="core/file" class="wp-block-file"><object data-wp-bind--hidden="!state.hasPdfPreview" hidden class="wp-block-file__embed" data="https://maternelle.providence-wavre.be/wp-content/uploads/2026/08/Providence-Wavre.pdf" type="application/pdf" style="width:100%;height:600px" aria-label="Contenu embarqué Providence Wavre."></object><a id="wp-block-file--media-bb7f0c1e-fbb7-479c-b618-aa8a2399b69d" href="https://maternelle.providence-wavre.be/wp-content/uploads/2026/08/Providence-Wavre.pdf">Providence Wavre</a><a href="https://maternelle.providence-wavre.be/wp-content/uploads/2026/08/Providence-Wavre.pdf" class="wp-block-file__button wp-element-button" download aria-describedby="wp-block-file--media-bb7f0c1e-fbb7-479c-b618-aa8a2399b69d">Télécharger</a></div>



<p class="wp-block-paragraph"></p>



<p class="wp-block-paragraph">Pour l&rsquo;<strong>ATL (garderies)</strong>, aucune inscription n&rsquo;est nécessaire. Tous les enfants sont les bienvenus, que ce soit pour l&rsquo;accueil du matin, le temps de midi ou l&rsquo;accueil du soir. Vous utilisez simplement le service lorsque vous en avez besoin.</p>



<div class="wp-block-columns is-layout-flex wp-container-core-columns-is-layout-8f761849 wp-block-columns-is-layout-flex">
<div class="wp-block-column is-layout-flow wp-block-column-is-layout-flow" style="flex-basis:100%">
<div class="wp-block-group is-nowrap is-layout-flex wp-container-core-group-is-layout-8f761849 wp-block-group-is-layout-flex">
<p class="wp-block-paragraph">Nos <strong>activités parascolaires</strong> sont elles aussi de retour avec de belles propositions : anglais, danse, coffre sports&#8230; Là aussi, le nombre de places est limité afin de préserver la qualité des groupes. Si une activité intéresse votre enfant, nous vous conseillons de ne pas trop attendre. </p>



<p class="wp-block-paragraph"><strong>Inscription aux activités parascolaires : </strong><a href="https://www15.iclub.be/register.asp?ClubID=611&amp;CategorieEvenement=Cours&amp;LG=FR&amp;action=Search">https://www15.iclub.be/register.asp?ClubID=611&amp;CategorieEvenement=Cours&amp;LG=FR&amp;action=Search</a></p>



<p class="wp-block-paragraph"></p>
</div>



<div class="wp-block-group"><div class="wp-block-group__inner-container is-layout-constrained wp-block-group-is-layout-constrained">
<div class="wp-block-columns is-layout-flex wp-container-core-columns-is-layout-8f761849 wp-block-columns-is-layout-flex">
<div class="wp-block-column is-layout-flow wp-block-column-is-layout-flow" style="flex-basis:100%"></div>
</div>
</div></div>
</div>
</div>

<p>AVEC Educ&amp;Sport ASBL Pour l&rsquo;ATL (garderies), aucune inscription n&rsquo;est nécessaire. Tous les enfants sont les bienvenus, que ce soit pour l&rsquo;accueil du matin, le temps de midi ou l&rsquo;accueil du soir. Vous utilisez simplement le service lorsque vous en avez besoin. Nos activités parascolaires sont elles aussi de retour avec de belles propositions : anglais, danse, coffre &hellip; </p>
<p class="link-more"><a href="https://maternelle.providence-wavre.be/index.php/garderies/" class="more-link">Continuer la lecture<span class="screen-reader-text"> de &laquo;&nbsp;Garderies et activités parascolaires  2026-2027&nbsp;&raquo;</span></a></p>
