{"id":1561,"date":"2021-09-14T14:35:38","date_gmt":"2021-09-14T12:35:38","guid":{"rendered":"https:\/\/maternelle.providence-wavre.be\/?page_id=1561"},"modified":"2024-08-22T14:09:10","modified_gmt":"2024-08-22T12:09:10","slug":"pedagogie-et-activites","status":"publish","type":"page","link":"https:\/\/maternelle.providence-wavre.be\/index.php\/pedagogie-et-activites\/","title":{"rendered":"P\u00e9dagogie et activit\u00e9s"},"content":{"rendered":"\n<p>Notre \u00e9cole propose une <strong>p\u00e9dagogie adapt\u00e9e selon le principe Montessori<\/strong>.<\/p>\n\n\n\n<p>Mais \u00e9galement : <\/p>\n\n\n\n<ul class=\"has-black-color has-white-background-color has-text-color has-background wp-block-list\"><li>Une \u00e9cole du dehors ( le\u00e7ons en ext\u00e9rieur).<\/li><li>Cours de natation en 3\u00e8me maternelle.<\/li><li>Cours de psychomotricit\u00e9 d\u00e8s la classe d&rsquo;accueil \u00e0 raison de 2 heures \/ semaine.<\/li><li>Poulailler au sein de l&rsquo;\u00e9cole. <\/li><li>Local sieste.<\/li><li>Cours de r\u00e9cr\u00e9ation am\u00e9nag\u00e9e avec un parc \u00e0 jeux et un bac \u00e0 sable. <\/li><li>Voyages scolaires de 3 jours et 2 nuits pour les M3  et excursions d&rsquo;un jour pour les autres classes. <\/li><li>R\u00e9fectoire pour les repas chauds (consultez l&rsquo;onglet \u00ab\u00a0repas chauds\u00a0\u00bb pour plus d&rsquo;informations).<\/li><li>Repas tartines en classe avec les institutrices. Possibilit\u00e9 de prendre du potage (consultez l&rsquo;onglet \u00ab\u00a0potage\u00a0\u00bb pour plus d&rsquo;informations). <\/li><li>Activit\u00e9s parascolaires : CFS sport et culture + cours d&rsquo;anglais\/n\u00e9erlandais (consultez l&rsquo;onglet \u00ab\u00a0activit\u00e9s parascolaires\u00a0\u00bb pour plus d&rsquo;informations). <\/li><li>Projet d&rsquo;\u00e9cole classes m\u00e9lang\u00e9es( parcours d&rsquo;artistes et exposition l&rsquo;ann\u00e9e derni\u00e8re cfr onglet \u00ab\u00a0ann\u00e9e 2023-2024 archives\u00a0\u00bb). <\/li><\/ul>\n","protected":false},"excerpt":{"rendered":"<p>Notre \u00e9cole propose une p\u00e9dagogie adapt\u00e9e selon le principe Montessori. Mais \u00e9galement : Une \u00e9cole du dehors ( le\u00e7ons en ext\u00e9rieur). Cours de natation en 3\u00e8me maternelle. Cours de psychomotricit\u00e9 d\u00e8s la classe d&rsquo;accueil \u00e0 raison de 2 heures \/ semaine. Poulailler au sein de l&rsquo;\u00e9cole. Local sieste. Cours de r\u00e9cr\u00e9ation am\u00e9nag\u00e9e avec un parc &hellip; <\/p>\n<p class=\"link-more\"><a href=\"https:\/\/maternelle.providence-wavre.be\/index.php\/pedagogie-et-activites\/\" class=\"more-link\">Continuer la lecture<span class=\"screen-reader-text\"> de &laquo;&nbsp;P\u00e9dagogie et activit\u00e9s&nbsp;&raquo;<\/span><\/a><\/p>\n","protected":false},"author":1,"featured_media":3303,"parent":0,"menu_order":0,"comment_status":"closed","ping_status":"closed","template":"","meta":{"footnotes":""},"class_list":["post-1561","page","type-page","status-publish","has-post-thumbnail","hentry"],"_links":{"self":[{"href":"https:\/\/maternelle.providence-wavre.be\/index.php\/wp-json\/wp\/v2\/pages\/1561","targetHints":{"allow":["GET"]}}],"collection":[{"href":"https:\/\/maternelle.providence-wavre.be\/index.php\/wp-json\/wp\/v2\/pages"}],"about":[{"href":"https:\/\/maternelle.providence-wavre.be\/index.php\/wp-json\/wp\/v2\/types\/page"}],"author":[{"embeddable":true,"href":"https:\/\/maternelle.providence-wavre.be\/index.php\/wp-json\/wp\/v2\/users\/1"}],"replies":[{"embeddable":true,"href":"https:\/\/maternelle.providence-wavre.be\/index.php\/wp-json\/wp\/v2\/comments?post=1561"}],"version-history":[{"count":7,"href":"https:\/\/maternelle.providence-wavre.be\/index.php\/wp-json\/wp\/v2\/pages\/1561\/revisions"}],"predecessor-version":[{"id":4936,"href":"https:\/\/maternelle.providence-wavre.be\/index.php\/wp-json\/wp\/v2\/pages\/1561\/revisions\/4936"}],"wp:featuredmedia":[{"embeddable":true,"href":"https:\/\/maternelle.providence-wavre.be\/index.php\/wp-json\/wp\/v2\/media\/3303"}],"wp:attachment":[{"href":"https:\/\/maternelle.providence-wavre.be\/index.php\/wp-json\/wp\/v2\/media?parent=1561"}],"curies":[{"name":"wp","href":"https:\/\/api.w.org\/{rel}","templated":true}]}}