{"id":2927,"date":"2022-09-28T09:38:51","date_gmt":"2022-09-28T07:38:51","guid":{"rendered":"https:\/\/maternelle.providence-wavre.be\/?page_id=2927"},"modified":"2022-09-28T09:38:51","modified_gmt":"2022-09-28T07:38:51","slug":"dans-notre-ecole-nous-mangeons-sainement-nous-cultivons-aussi","status":"publish","type":"page","link":"https:\/\/maternelle.providence-wavre.be\/index.php\/dans-notre-ecole-nous-mangeons-sainement-nous-cultivons-aussi\/","title":{"rendered":"Dans notre \u00e9cole, nous mangeons sainement. Nous cultivons aussi&#8230;"},"content":{"rendered":"\n<p>A la Providence section maternelle, nous avons mis en place un syst\u00e8me de collation collective. Un enfant se voit attribuer un jour dans le calendrier du mois en cours et apporte une fois ou 2 (en fonction du nombre d&rsquo;enfants dans la classe ) la collation pour toute la classe. Dans ces collations, nous retrouvons : les fruits et les l\u00e9gumes, les laitages et fromages, les biscuits sains et la surprise saine. Cela permet aux enfants de go\u00fbter \u00e0 tout, de partager et surtout de manger le plus sainement possible. L&rsquo;eau est \u00e9galement importante.<\/p>\n\n\n\n<p>Nous ne faisons pas que manger de bonnes collations! Nous avons \u00e9galement mis en place un potager o\u00f9 les enfants cultivent avec leur institutrices : haricots, potirons, courges, tomates, fraises, rhubarbe,&#8230; Nous avons \u00e9galement mis en place un joli poulailler o\u00f9 nos braves petites poules nous pondent de jolis \u0153ufs chaque jour. Avec ceux-ci, nous pouvons entre-autre faire de la p\u00e2tisserie! Cela nous permet \u00e9galement d&rsquo;apprendre \u00e0 prendre soin d&rsquo;animaux, de comprendre l&rsquo;importance de l&rsquo;hygi\u00e8ne, etc. <\/p>\n\n\n\n<figure class=\"wp-block-gallery columns-3 is-cropped wp-block-gallery-1 is-layout-flex wp-block-gallery-is-layout-flex\"><ul class=\"blocks-gallery-grid\"><li class=\"blocks-gallery-item\"><figure><img loading=\"lazy\" decoding=\"async\" width=\"1024\" height=\"768\" src=\"https:\/\/maternelle.providence-wavre.be\/wp-content\/uploads\/2022\/09\/DSCN6933-1024x768.jpg\" alt=\"\" data-id=\"2928\" data-link=\"https:\/\/maternelle.providence-wavre.be\/?attachment_id=2928\" class=\"wp-image-2928\" srcset=\"https:\/\/maternelle.providence-wavre.be\/wp-content\/uploads\/2022\/09\/DSCN6933-1024x768.jpg 1024w, https:\/\/maternelle.providence-wavre.be\/wp-content\/uploads\/2022\/09\/DSCN6933-300x225.jpg 300w, https:\/\/maternelle.providence-wavre.be\/wp-content\/uploads\/2022\/09\/DSCN6933-768x576.jpg 768w, https:\/\/maternelle.providence-wavre.be\/wp-content\/uploads\/2022\/09\/DSCN6933-1536x1152.jpg 1536w, https:\/\/maternelle.providence-wavre.be\/wp-content\/uploads\/2022\/09\/DSCN6933-2048x1536.jpg 2048w\" sizes=\"auto, (max-width: 767px) 89vw, (max-width: 1000px) 54vw, (max-width: 1071px) 543px, 580px\" \/><\/figure><\/li><li class=\"blocks-gallery-item\"><figure><img loading=\"lazy\" decoding=\"async\" width=\"1024\" height=\"768\" src=\"https:\/\/maternelle.providence-wavre.be\/wp-content\/uploads\/2022\/09\/DSCN6934-1024x768.jpg\" alt=\"\" data-id=\"2929\" data-link=\"https:\/\/maternelle.providence-wavre.be\/?attachment_id=2929\" class=\"wp-image-2929\" srcset=\"https:\/\/maternelle.providence-wavre.be\/wp-content\/uploads\/2022\/09\/DSCN6934-1024x768.jpg 1024w, https:\/\/maternelle.providence-wavre.be\/wp-content\/uploads\/2022\/09\/DSCN6934-300x225.jpg 300w, https:\/\/maternelle.providence-wavre.be\/wp-content\/uploads\/2022\/09\/DSCN6934-768x576.jpg 768w, https:\/\/maternelle.providence-wavre.be\/wp-content\/uploads\/2022\/09\/DSCN6934-1536x1152.jpg 1536w, https:\/\/maternelle.providence-wavre.be\/wp-content\/uploads\/2022\/09\/DSCN6934-2048x1536.jpg 2048w\" sizes=\"auto, (max-width: 767px) 89vw, (max-width: 1000px) 54vw, (max-width: 1071px) 543px, 580px\" \/><\/figure><\/li><li class=\"blocks-gallery-item\"><figure><img loading=\"lazy\" decoding=\"async\" width=\"1024\" height=\"768\" src=\"https:\/\/maternelle.providence-wavre.be\/wp-content\/uploads\/2022\/09\/DSCN6957-1024x768.jpg\" alt=\"\" data-id=\"2930\" data-link=\"https:\/\/maternelle.providence-wavre.be\/?attachment_id=2930\" class=\"wp-image-2930\" srcset=\"https:\/\/maternelle.providence-wavre.be\/wp-content\/uploads\/2022\/09\/DSCN6957-1024x768.jpg 1024w, https:\/\/maternelle.providence-wavre.be\/wp-content\/uploads\/2022\/09\/DSCN6957-300x225.jpg 300w, https:\/\/maternelle.providence-wavre.be\/wp-content\/uploads\/2022\/09\/DSCN6957-768x576.jpg 768w, https:\/\/maternelle.providence-wavre.be\/wp-content\/uploads\/2022\/09\/DSCN6957-1536x1152.jpg 1536w, https:\/\/maternelle.providence-wavre.be\/wp-content\/uploads\/2022\/09\/DSCN6957-2048x1536.jpg 2048w\" sizes=\"auto, (max-width: 767px) 89vw, (max-width: 1000px) 54vw, (max-width: 1071px) 543px, 580px\" \/><\/figure><\/li><li class=\"blocks-gallery-item\"><figure><img loading=\"lazy\" decoding=\"async\" width=\"768\" height=\"1024\" src=\"https:\/\/maternelle.providence-wavre.be\/wp-content\/uploads\/2022\/09\/DSCN6958-768x1024.jpg\" alt=\"\" data-id=\"2931\" data-link=\"https:\/\/maternelle.providence-wavre.be\/?attachment_id=2931\" class=\"wp-image-2931\" srcset=\"https:\/\/maternelle.providence-wavre.be\/wp-content\/uploads\/2022\/09\/DSCN6958-768x1024.jpg 768w, https:\/\/maternelle.providence-wavre.be\/wp-content\/uploads\/2022\/09\/DSCN6958-225x300.jpg 225w, https:\/\/maternelle.providence-wavre.be\/wp-content\/uploads\/2022\/09\/DSCN6958-1152x1536.jpg 1152w, https:\/\/maternelle.providence-wavre.be\/wp-content\/uploads\/2022\/09\/DSCN6958-1536x2048.jpg 1536w, https:\/\/maternelle.providence-wavre.be\/wp-content\/uploads\/2022\/09\/DSCN6958-scaled.jpg 1920w\" sizes=\"auto, (max-width: 767px) 89vw, (max-width: 1000px) 54vw, (max-width: 1071px) 543px, 580px\" \/><\/figure><\/li><li class=\"blocks-gallery-item\"><figure><img loading=\"lazy\" decoding=\"async\" width=\"1024\" height=\"768\" src=\"https:\/\/maternelle.providence-wavre.be\/wp-content\/uploads\/2022\/09\/DSCN6959-1024x768.jpg\" alt=\"\" data-id=\"2932\" data-link=\"https:\/\/maternelle.providence-wavre.be\/?attachment_id=2932\" class=\"wp-image-2932\" srcset=\"https:\/\/maternelle.providence-wavre.be\/wp-content\/uploads\/2022\/09\/DSCN6959-1024x768.jpg 1024w, https:\/\/maternelle.providence-wavre.be\/wp-content\/uploads\/2022\/09\/DSCN6959-300x225.jpg 300w, https:\/\/maternelle.providence-wavre.be\/wp-content\/uploads\/2022\/09\/DSCN6959-768x576.jpg 768w, https:\/\/maternelle.providence-wavre.be\/wp-content\/uploads\/2022\/09\/DSCN6959-1536x1152.jpg 1536w, https:\/\/maternelle.providence-wavre.be\/wp-content\/uploads\/2022\/09\/DSCN6959-2048x1536.jpg 2048w\" sizes=\"auto, (max-width: 767px) 89vw, (max-width: 1000px) 54vw, (max-width: 1071px) 543px, 580px\" \/><\/figure><\/li><li class=\"blocks-gallery-item\"><figure><img loading=\"lazy\" decoding=\"async\" width=\"768\" height=\"1024\" src=\"https:\/\/maternelle.providence-wavre.be\/wp-content\/uploads\/2022\/09\/DSCN4670-768x1024.jpg\" alt=\"\" data-id=\"2933\" data-link=\"https:\/\/maternelle.providence-wavre.be\/?attachment_id=2933\" class=\"wp-image-2933\" srcset=\"https:\/\/maternelle.providence-wavre.be\/wp-content\/uploads\/2022\/09\/DSCN4670-768x1024.jpg 768w, https:\/\/maternelle.providence-wavre.be\/wp-content\/uploads\/2022\/09\/DSCN4670-225x300.jpg 225w, https:\/\/maternelle.providence-wavre.be\/wp-content\/uploads\/2022\/09\/DSCN4670-1152x1536.jpg 1152w, https:\/\/maternelle.providence-wavre.be\/wp-content\/uploads\/2022\/09\/DSCN4670-1536x2048.jpg 1536w, https:\/\/maternelle.providence-wavre.be\/wp-content\/uploads\/2022\/09\/DSCN4670-scaled.jpg 1920w\" sizes=\"auto, (max-width: 767px) 89vw, (max-width: 1000px) 54vw, (max-width: 1071px) 543px, 580px\" \/><\/figure><\/li><li class=\"blocks-gallery-item\"><figure><img loading=\"lazy\" decoding=\"async\" width=\"1024\" height=\"768\" src=\"https:\/\/maternelle.providence-wavre.be\/wp-content\/uploads\/2022\/09\/DSCN4907-1024x768.jpg\" alt=\"\" data-id=\"2934\" data-link=\"https:\/\/maternelle.providence-wavre.be\/?attachment_id=2934\" class=\"wp-image-2934\" srcset=\"https:\/\/maternelle.providence-wavre.be\/wp-content\/uploads\/2022\/09\/DSCN4907-1024x768.jpg 1024w, https:\/\/maternelle.providence-wavre.be\/wp-content\/uploads\/2022\/09\/DSCN4907-300x225.jpg 300w, https:\/\/maternelle.providence-wavre.be\/wp-content\/uploads\/2022\/09\/DSCN4907-768x576.jpg 768w, https:\/\/maternelle.providence-wavre.be\/wp-content\/uploads\/2022\/09\/DSCN4907-1536x1152.jpg 1536w, https:\/\/maternelle.providence-wavre.be\/wp-content\/uploads\/2022\/09\/DSCN4907-2048x1536.jpg 2048w\" sizes=\"auto, (max-width: 767px) 89vw, (max-width: 1000px) 54vw, (max-width: 1071px) 543px, 580px\" \/><\/figure><\/li><li class=\"blocks-gallery-item\"><figure><img loading=\"lazy\" decoding=\"async\" width=\"1024\" height=\"768\" src=\"https:\/\/maternelle.providence-wavre.be\/wp-content\/uploads\/2022\/09\/DSCN4903-1024x768.jpg\" alt=\"\" data-id=\"2935\" data-link=\"https:\/\/maternelle.providence-wavre.be\/?attachment_id=2935\" class=\"wp-image-2935\" srcset=\"https:\/\/maternelle.providence-wavre.be\/wp-content\/uploads\/2022\/09\/DSCN4903-1024x768.jpg 1024w, https:\/\/maternelle.providence-wavre.be\/wp-content\/uploads\/2022\/09\/DSCN4903-300x225.jpg 300w, https:\/\/maternelle.providence-wavre.be\/wp-content\/uploads\/2022\/09\/DSCN4903-768x576.jpg 768w, https:\/\/maternelle.providence-wavre.be\/wp-content\/uploads\/2022\/09\/DSCN4903-1536x1152.jpg 1536w, https:\/\/maternelle.providence-wavre.be\/wp-content\/uploads\/2022\/09\/DSCN4903-2048x1536.jpg 2048w\" sizes=\"auto, (max-width: 767px) 89vw, (max-width: 1000px) 54vw, (max-width: 1071px) 543px, 580px\" \/><\/figure><\/li><li class=\"blocks-gallery-item\"><figure><img loading=\"lazy\" decoding=\"async\" width=\"1024\" height=\"768\" src=\"https:\/\/maternelle.providence-wavre.be\/wp-content\/uploads\/2022\/09\/DSCN4905-1024x768.jpg\" alt=\"\" data-id=\"2936\" data-link=\"https:\/\/maternelle.providence-wavre.be\/?attachment_id=2936\" class=\"wp-image-2936\" srcset=\"https:\/\/maternelle.providence-wavre.be\/wp-content\/uploads\/2022\/09\/DSCN4905-1024x768.jpg 1024w, https:\/\/maternelle.providence-wavre.be\/wp-content\/uploads\/2022\/09\/DSCN4905-300x225.jpg 300w, https:\/\/maternelle.providence-wavre.be\/wp-content\/uploads\/2022\/09\/DSCN4905-768x576.jpg 768w, https:\/\/maternelle.providence-wavre.be\/wp-content\/uploads\/2022\/09\/DSCN4905-1536x1152.jpg 1536w, https:\/\/maternelle.providence-wavre.be\/wp-content\/uploads\/2022\/09\/DSCN4905-2048x1536.jpg 2048w\" sizes=\"auto, (max-width: 767px) 89vw, (max-width: 1000px) 54vw, (max-width: 1071px) 543px, 580px\" \/><\/figure><\/li><li class=\"blocks-gallery-item\"><figure><img loading=\"lazy\" decoding=\"async\" width=\"1024\" height=\"768\" src=\"https:\/\/maternelle.providence-wavre.be\/wp-content\/uploads\/2022\/09\/DSCN4671-1024x768.jpg\" alt=\"\" data-id=\"2937\" data-full-url=\"https:\/\/maternelle.providence-wavre.be\/wp-content\/uploads\/2022\/09\/DSCN4671-scaled.jpg\" data-link=\"https:\/\/maternelle.providence-wavre.be\/?attachment_id=2937\" class=\"wp-image-2937\" srcset=\"https:\/\/maternelle.providence-wavre.be\/wp-content\/uploads\/2022\/09\/DSCN4671-1024x768.jpg 1024w, https:\/\/maternelle.providence-wavre.be\/wp-content\/uploads\/2022\/09\/DSCN4671-300x225.jpg 300w, https:\/\/maternelle.providence-wavre.be\/wp-content\/uploads\/2022\/09\/DSCN4671-768x576.jpg 768w, https:\/\/maternelle.providence-wavre.be\/wp-content\/uploads\/2022\/09\/DSCN4671-1536x1152.jpg 1536w, https:\/\/maternelle.providence-wavre.be\/wp-content\/uploads\/2022\/09\/DSCN4671-2048x1536.jpg 2048w\" sizes=\"auto, (max-width: 767px) 89vw, (max-width: 1000px) 54vw, (max-width: 1071px) 543px, 580px\" \/><\/figure><\/li><\/ul><\/figure>\n","protected":false},"excerpt":{"rendered":"<p>A la Providence section maternelle, nous avons mis en place un syst\u00e8me de collation collective. Un enfant se voit attribuer un jour dans le calendrier du mois en cours et apporte une fois ou 2 (en fonction du nombre d&rsquo;enfants dans la classe ) la collation pour toute la classe. Dans ces collations, nous retrouvons &hellip; <\/p>\n<p class=\"link-more\"><a href=\"https:\/\/maternelle.providence-wavre.be\/index.php\/dans-notre-ecole-nous-mangeons-sainement-nous-cultivons-aussi\/\" class=\"more-link\">Continuer la lecture<span class=\"screen-reader-text\"> de &laquo;&nbsp;Dans notre \u00e9cole, nous mangeons sainement. Nous cultivons aussi&#8230;&nbsp;&raquo;<\/span><\/a><\/p>\n","protected":false},"author":1,"featured_media":0,"parent":0,"menu_order":0,"comment_status":"closed","ping_status":"closed","template":"","meta":{"footnotes":""},"class_list":["post-2927","page","type-page","status-publish","hentry"],"_links":{"self":[{"href":"https:\/\/maternelle.providence-wavre.be\/index.php\/wp-json\/wp\/v2\/pages\/2927","targetHints":{"allow":["GET"]}}],"collection":[{"href":"https:\/\/maternelle.providence-wavre.be\/index.php\/wp-json\/wp\/v2\/pages"}],"about":[{"href":"https:\/\/maternelle.providence-wavre.be\/index.php\/wp-json\/wp\/v2\/types\/page"}],"author":[{"embeddable":true,"href":"https:\/\/maternelle.providence-wavre.be\/index.php\/wp-json\/wp\/v2\/users\/1"}],"replies":[{"embeddable":true,"href":"https:\/\/maternelle.providence-wavre.be\/index.php\/wp-json\/wp\/v2\/comments?post=2927"}],"version-history":[{"count":1,"href":"https:\/\/maternelle.providence-wavre.be\/index.php\/wp-json\/wp\/v2\/pages\/2927\/revisions"}],"predecessor-version":[{"id":2940,"href":"https:\/\/maternelle.providence-wavre.be\/index.php\/wp-json\/wp\/v2\/pages\/2927\/revisions\/2940"}],"wp:attachment":[{"href":"https:\/\/maternelle.providence-wavre.be\/index.php\/wp-json\/wp\/v2\/media?parent=2927"}],"curies":[{"name":"wp","href":"https:\/\/api.w.org\/{rel}","templated":true}]}}