{"id":3309,"date":"2023-08-22T13:28:51","date_gmt":"2023-08-22T11:28:51","guid":{"rendered":"https:\/\/maternelle.providence-wavre.be\/?page_id=3309"},"modified":"2025-09-24T09:02:23","modified_gmt":"2025-09-24T07:02:23","slug":"ephemerides-2023-2024","status":"publish","type":"page","link":"https:\/\/maternelle.providence-wavre.be\/index.php\/ephemerides-2023-2024\/","title":{"rendered":"\u00c9ph\u00e9m\u00e9rides 2025-2026"},"content":{"rendered":"\n<div data-wp-interactive=\"core\/file\" class=\"wp-block-file\"><object data-wp-bind--hidden=\"!state.hasPdfPreview\" hidden class=\"wp-block-file__embed\" data=\"https:\/\/maternelle.providence-wavre.be\/wp-content\/uploads\/2025\/09\/Ephemerides-actualises.pdf\" type=\"application\/pdf\" style=\"width:100%;height:600px\" aria-label=\"Contenu embarqu\u00e9 Eph\u00e9m\u00e9rides actualis\u00e9s.\"><\/object><a id=\"wp-block-file--media-1f4f2463-4717-4ac9-90b6-4581ee978681\" href=\"https:\/\/maternelle.providence-wavre.be\/wp-content\/uploads\/2025\/09\/Ephemerides-actualises.pdf\">Eph\u00e9m\u00e9rides actualis\u00e9s<\/a><a href=\"https:\/\/maternelle.providence-wavre.be\/wp-content\/uploads\/2025\/09\/Ephemerides-actualises.pdf\" class=\"wp-block-file__button wp-element-button\" download aria-describedby=\"wp-block-file--media-1f4f2463-4717-4ac9-90b6-4581ee978681\">T\u00e9l\u00e9charger<\/a><\/div>\n","protected":false},"excerpt":{"rendered":"","protected":false},"author":1,"featured_media":4898,"parent":0,"menu_order":0,"comment_status":"closed","ping_status":"closed","template":"","meta":{"footnotes":""},"class_list":["post-3309","page","type-page","status-publish","has-post-thumbnail","hentry"],"_links":{"self":[{"href":"https:\/\/maternelle.providence-wavre.be\/index.php\/wp-json\/wp\/v2\/pages\/3309","targetHints":{"allow":["GET"]}}],"collection":[{"href":"https:\/\/maternelle.providence-wavre.be\/index.php\/wp-json\/wp\/v2\/pages"}],"about":[{"href":"https:\/\/maternelle.providence-wavre.be\/index.php\/wp-json\/wp\/v2\/types\/page"}],"author":[{"embeddable":true,"href":"https:\/\/maternelle.providence-wavre.be\/index.php\/wp-json\/wp\/v2\/users\/1"}],"replies":[{"embeddable":true,"href":"https:\/\/maternelle.providence-wavre.be\/index.php\/wp-json\/wp\/v2\/comments?post=3309"}],"version-history":[{"count":17,"href":"https:\/\/maternelle.providence-wavre.be\/index.php\/wp-json\/wp\/v2\/pages\/3309\/revisions"}],"predecessor-version":[{"id":6043,"href":"https:\/\/maternelle.providence-wavre.be\/index.php\/wp-json\/wp\/v2\/pages\/3309\/revisions\/6043"}],"wp:featuredmedia":[{"embeddable":true,"href":"https:\/\/maternelle.providence-wavre.be\/index.php\/wp-json\/wp\/v2\/media\/4898"}],"wp:attachment":[{"href":"https:\/\/maternelle.providence-wavre.be\/index.php\/wp-json\/wp\/v2\/media?parent=3309"}],"curies":[{"name":"wp","href":"https:\/\/api.w.org\/{rel}","templated":true}]}}

Éphémérides 2025-2026

<div data-wp-interactive="core/file" class="wp-block-file"><object data-wp-bind--hidden="!state.hasPdfPreview" hidden class="wp-block-file__embed" data="https://maternelle.providence-wavre.be/wp-content/uploads/2025/09/Ephemerides-actualises.pdf" type="application/pdf" style="width:100%;height:600px" aria-label="Contenu embarqué Ephémérides actualisés."></object><a id="wp-block-file--media-1f4f2463-4717-4ac9-90b6-4581ee978681" href="https://maternelle.providence-wavre.be/wp-content/uploads/2025/09/Ephemerides-actualises.pdf">Ephémérides actualisés</a><a href="https://maternelle.providence-wavre.be/wp-content/uploads/2025/09/Ephemerides-actualises.pdf" class="wp-block-file__button wp-element-button" download aria-describedby="wp-block-file--media-1f4f2463-4717-4ac9-90b6-4581ee978681">Télécharger</a></div>
