{"id":4851,"date":"2024-08-19T11:32:24","date_gmt":"2024-08-19T09:32:24","guid":{"rendered":"https:\/\/maternelle.providence-wavre.be\/?page_id=4851"},"modified":"2024-08-19T11:32:24","modified_gmt":"2024-08-19T09:32:24","slug":"dans-notre-ecole-il-y-a","status":"publish","type":"page","link":"https:\/\/maternelle.providence-wavre.be\/index.php\/dans-notre-ecole-il-y-a\/","title":{"rendered":"Dans notre \u00e9cole, il y a&#8230;"},"content":{"rendered":"\n<p>Pour cette ann\u00e9e 2024-2025, beaucoup de jolies choses attendent nos petits \u00e9l\u00e8ves.<\/p>\n","protected":false},"excerpt":{"rendered":"<p>Pour cette ann\u00e9e 2024-2025, beaucoup de jolies choses attendent nos petits \u00e9l\u00e8ves.<\/p>\n","protected":false},"author":1,"featured_media":0,"parent":0,"menu_order":0,"comment_status":"closed","ping_status":"closed","template":"","meta":{"footnotes":""},"class_list":["post-4851","page","type-page","status-publish","hentry"],"_links":{"self":[{"href":"https:\/\/maternelle.providence-wavre.be\/index.php\/wp-json\/wp\/v2\/pages\/4851","targetHints":{"allow":["GET"]}}],"collection":[{"href":"https:\/\/maternelle.providence-wavre.be\/index.php\/wp-json\/wp\/v2\/pages"}],"about":[{"href":"https:\/\/maternelle.providence-wavre.be\/index.php\/wp-json\/wp\/v2\/types\/page"}],"author":[{"embeddable":true,"href":"https:\/\/maternelle.providence-wavre.be\/index.php\/wp-json\/wp\/v2\/users\/1"}],"replies":[{"embeddable":true,"href":"https:\/\/maternelle.providence-wavre.be\/index.php\/wp-json\/wp\/v2\/comments?post=4851"}],"version-history":[{"count":1,"href":"https:\/\/maternelle.providence-wavre.be\/index.php\/wp-json\/wp\/v2\/pages\/4851\/revisions"}],"predecessor-version":[{"id":4854,"href":"https:\/\/maternelle.providence-wavre.be\/index.php\/wp-json\/wp\/v2\/pages\/4851\/revisions\/4854"}],"wp:attachment":[{"href":"https:\/\/maternelle.providence-wavre.be\/index.php\/wp-json\/wp\/v2\/media?parent=4851"}],"curies":[{"name":"wp","href":"https:\/\/api.w.org\/{rel}","templated":true}]}}

Dans notre école, il y a&#8230;

<p>Pour cette année 2024-2025, beaucoup de jolies choses attendent nos petits élèves.</p>
