{"id":5862,"date":"2025-09-02T14:35:50","date_gmt":"2025-09-02T12:35:50","guid":{"rendered":"https:\/\/maternelle.providence-wavre.be\/?page_id=5862"},"modified":"2026-08-27T11:11:08","modified_gmt":"2026-08-27T09:11:08","slug":"visite-de-debut-dannee","status":"publish","type":"page","link":"https:\/\/maternelle.providence-wavre.be\/index.php\/visite-de-debut-dannee\/","title":{"rendered":"Visite de d\u00e9but d&rsquo;ann\u00e9e"},"content":{"rendered":"\n<p class=\"wp-block-paragraph\">Quoi de mieux que de jolies retrouvailles! <\/p>\n\n\n\n<p class=\"wp-block-paragraph\">Apr\u00e8s les grandes vacances, des amis de M3 sont mont\u00e9s en P1. L&rsquo;occasion pour les copains devant encore faire un an en maternelle d&rsquo;aller saluer leurs anciens amis arriv\u00e9s \u00e0 l&rsquo;\u00e9cole primaire.  Une mani\u00e8re \u00e9galement de rencontrer les institutrices et instituteurs de 1\u00e8re primaire et de d\u00e9couvrir la section des plus grands. <\/p>\n\n\n\n<p class=\"wp-block-paragraph\">PHOTOS BIENT\u00d4T EN LIGNE<\/p>\n\n\n\n<figure class=\"wp-block-gallery has-nested-images columns-default is-cropped wp-block-gallery-1 is-layout-flex wp-block-gallery-is-layout-flex\"><\/figure>\n\n\n\n<figure class=\"wp-block-gallery has-nested-images columns-default is-cropped wp-block-gallery-2 is-layout-flex wp-block-gallery-is-layout-flex\"><\/figure>\n","protected":false},"excerpt":{"rendered":"<p>Quoi de mieux que de jolies retrouvailles! Apr\u00e8s les grandes vacances, des amis de M3 sont mont\u00e9s en P1. L&rsquo;occasion pour les copains devant encore faire un an en maternelle d&rsquo;aller saluer leurs anciens amis arriv\u00e9s \u00e0 l&rsquo;\u00e9cole primaire. Une mani\u00e8re \u00e9galement de rencontrer les institutrices et instituteurs de 1\u00e8re primaire et de d\u00e9couvrir la &hellip; <\/p>\n<p class=\"link-more\"><a href=\"https:\/\/maternelle.providence-wavre.be\/index.php\/visite-de-debut-dannee\/\" class=\"more-link\">Continuer la lecture<span class=\"screen-reader-text\"> de &laquo;&nbsp;Visite de d\u00e9but d&rsquo;ann\u00e9e&nbsp;&raquo;<\/span><\/a><\/p>\n","protected":false},"author":1,"featured_media":0,"parent":0,"menu_order":0,"comment_status":"closed","ping_status":"closed","template":"","meta":{"footnotes":""},"class_list":["post-5862","page","type-page","status-publish","hentry"],"_links":{"self":[{"href":"https:\/\/maternelle.providence-wavre.be\/index.php\/wp-json\/wp\/v2\/pages\/5862","targetHints":{"allow":["GET"]}}],"collection":[{"href":"https:\/\/maternelle.providence-wavre.be\/index.php\/wp-json\/wp\/v2\/pages"}],"about":[{"href":"https:\/\/maternelle.providence-wavre.be\/index.php\/wp-json\/wp\/v2\/types\/page"}],"author":[{"embeddable":true,"href":"https:\/\/maternelle.providence-wavre.be\/index.php\/wp-json\/wp\/v2\/users\/1"}],"replies":[{"embeddable":true,"href":"https:\/\/maternelle.providence-wavre.be\/index.php\/wp-json\/wp\/v2\/comments?post=5862"}],"version-history":[{"count":2,"href":"https:\/\/maternelle.providence-wavre.be\/index.php\/wp-json\/wp\/v2\/pages\/5862\/revisions"}],"predecessor-version":[{"id":6114,"href":"https:\/\/maternelle.providence-wavre.be\/index.php\/wp-json\/wp\/v2\/pages\/5862\/revisions\/6114"}],"wp:attachment":[{"href":"https:\/\/maternelle.providence-wavre.be\/index.php\/wp-json\/wp\/v2\/media?parent=5862"}],"curies":[{"name":"wp","href":"https:\/\/api.w.org\/{rel}","templated":true}]}}

Visite de début d&rsquo;année

<p class="wp-block-paragraph">Quoi de mieux que de jolies retrouvailles! </p>



<p class="wp-block-paragraph">Après les grandes vacances, des amis de M3 sont montés en P1. L&rsquo;occasion pour les copains devant encore faire un an en maternelle d&rsquo;aller saluer leurs anciens amis arrivés à l&rsquo;école primaire.  Une manière également de rencontrer les institutrices et instituteurs de 1ère primaire et de découvrir la section des plus grands. </p>



<p class="wp-block-paragraph">PHOTOS BIENTÔT EN LIGNE</p>



<figure class="wp-block-gallery has-nested-images columns-default is-cropped wp-block-gallery-1 is-layout-flex wp-block-gallery-is-layout-flex"></figure>



<figure class="wp-block-gallery has-nested-images columns-default is-cropped wp-block-gallery-2 is-layout-flex wp-block-gallery-is-layout-flex"></figure>

<p>Quoi de mieux que de jolies retrouvailles! Après les grandes vacances, des amis de M3 sont montés en P1. L&rsquo;occasion pour les copains devant encore faire un an en maternelle d&rsquo;aller saluer leurs anciens amis arrivés à l&rsquo;école primaire. Une manière également de rencontrer les institutrices et instituteurs de 1ère primaire et de découvrir la &hellip; </p>
<p class="link-more"><a href="https://maternelle.providence-wavre.be/index.php/visite-de-debut-dannee/" class="more-link">Continuer la lecture<span class="screen-reader-text"> de &laquo;&nbsp;Visite de début d&rsquo;année&nbsp;&raquo;</span></a></p>
