{"id":5871,"date":"2025-09-02T14:55:29","date_gmt":"2025-09-02T12:55:29","guid":{"rendered":"https:\/\/maternelle.providence-wavre.be\/?page_id=5871"},"modified":"2026-08-27T11:12:02","modified_gmt":"2026-08-27T09:12:02","slug":"quelques-activites-de-rentree","status":"publish","type":"page","link":"https:\/\/maternelle.providence-wavre.be\/index.php\/quelques-activites-de-rentree\/","title":{"rendered":"Quelques activit\u00e9s de rentr\u00e9e."},"content":{"rendered":"\n<p class=\"wp-block-paragraph\">En M2-M3, les institutrices partagent certaines de leurs activit\u00e9s et elles adaptent celles-ci en fonction des comp\u00e9tences qui doivent \u00eatre d\u00e9velopp\u00e9es dans chaque classe. La diff\u00e9renciation est de mise. <\/p>\n\n\n\n<p class=\"wp-block-paragraph\">Voici de chouettes photos des amis de M2 et M3 en plein travail de d\u00e9but d&rsquo;ann\u00e9e.<\/p>\n\n\n\n<p class=\"wp-block-paragraph\">PHOTOS BIENT\u00d4T EN LIGNE<\/p>\n\n\n\n<figure class=\"wp-block-gallery has-nested-images columns-default is-cropped wp-block-gallery-1 is-layout-flex wp-block-gallery-is-layout-flex\"><\/figure>\n\n\n\n<figure class=\"wp-block-gallery has-nested-images columns-default is-cropped wp-block-gallery-2 is-layout-flex wp-block-gallery-is-layout-flex\"><\/figure>\n\n\n\n<figure class=\"wp-block-gallery has-nested-images columns-default is-cropped wp-block-gallery-3 is-layout-flex wp-block-gallery-is-layout-flex\"><\/figure>\n\n\n\n<figure class=\"wp-block-gallery has-nested-images columns-default is-cropped wp-block-gallery-4 is-layout-flex wp-block-gallery-is-layout-flex\"><\/figure>\n\n\n\n<figure class=\"wp-block-gallery has-nested-images columns-default is-cropped wp-block-gallery-5 is-layout-flex wp-block-gallery-is-layout-flex\"><\/figure>\n\n\n\n<figure class=\"wp-block-gallery has-nested-images columns-default is-cropped wp-block-gallery-6 is-layout-flex wp-block-gallery-is-layout-flex\"><\/figure>\n","protected":false},"excerpt":{"rendered":"<p>En M2-M3, les institutrices partagent certaines de leurs activit\u00e9s et elles adaptent celles-ci en fonction des comp\u00e9tences qui doivent \u00eatre d\u00e9velopp\u00e9es dans chaque classe. La diff\u00e9renciation est de mise. Voici de chouettes photos des amis de M2 et M3 en plein travail de d\u00e9but d&rsquo;ann\u00e9e. PHOTOS BIENT\u00d4T EN LIGNE<\/p>\n","protected":false},"author":1,"featured_media":0,"parent":0,"menu_order":0,"comment_status":"closed","ping_status":"closed","template":"","meta":{"footnotes":""},"class_list":["post-5871","page","type-page","status-publish","hentry"],"_links":{"self":[{"href":"https:\/\/maternelle.providence-wavre.be\/index.php\/wp-json\/wp\/v2\/pages\/5871","targetHints":{"allow":["GET"]}}],"collection":[{"href":"https:\/\/maternelle.providence-wavre.be\/index.php\/wp-json\/wp\/v2\/pages"}],"about":[{"href":"https:\/\/maternelle.providence-wavre.be\/index.php\/wp-json\/wp\/v2\/types\/page"}],"author":[{"embeddable":true,"href":"https:\/\/maternelle.providence-wavre.be\/index.php\/wp-json\/wp\/v2\/users\/1"}],"replies":[{"embeddable":true,"href":"https:\/\/maternelle.providence-wavre.be\/index.php\/wp-json\/wp\/v2\/comments?post=5871"}],"version-history":[{"count":2,"href":"https:\/\/maternelle.providence-wavre.be\/index.php\/wp-json\/wp\/v2\/pages\/5871\/revisions"}],"predecessor-version":[{"id":6115,"href":"https:\/\/maternelle.providence-wavre.be\/index.php\/wp-json\/wp\/v2\/pages\/5871\/revisions\/6115"}],"wp:attachment":[{"href":"https:\/\/maternelle.providence-wavre.be\/index.php\/wp-json\/wp\/v2\/media?parent=5871"}],"curies":[{"name":"wp","href":"https:\/\/api.w.org\/{rel}","templated":true}]}}

Quelques activités de rentrée.

<p class="wp-block-paragraph">En M2-M3, les institutrices partagent certaines de leurs activités et elles adaptent celles-ci en fonction des compétences qui doivent être développées dans chaque classe. La différenciation est de mise. </p>



<p class="wp-block-paragraph">Voici de chouettes photos des amis de M2 et M3 en plein travail de début d&rsquo;année.</p>



<p class="wp-block-paragraph">PHOTOS BIENTÔT EN LIGNE</p>



<figure class="wp-block-gallery has-nested-images columns-default is-cropped wp-block-gallery-1 is-layout-flex wp-block-gallery-is-layout-flex"></figure>



<figure class="wp-block-gallery has-nested-images columns-default is-cropped wp-block-gallery-2 is-layout-flex wp-block-gallery-is-layout-flex"></figure>



<figure class="wp-block-gallery has-nested-images columns-default is-cropped wp-block-gallery-3 is-layout-flex wp-block-gallery-is-layout-flex"></figure>



<figure class="wp-block-gallery has-nested-images columns-default is-cropped wp-block-gallery-4 is-layout-flex wp-block-gallery-is-layout-flex"></figure>



<figure class="wp-block-gallery has-nested-images columns-default is-cropped wp-block-gallery-5 is-layout-flex wp-block-gallery-is-layout-flex"></figure>



<figure class="wp-block-gallery has-nested-images columns-default is-cropped wp-block-gallery-6 is-layout-flex wp-block-gallery-is-layout-flex"></figure>

<p>En M2-M3, les institutrices partagent certaines de leurs activités et elles adaptent celles-ci en fonction des compétences qui doivent être développées dans chaque classe. La différenciation est de mise. Voici de chouettes photos des amis de M2 et M3 en plein travail de début d&rsquo;année. PHOTOS BIENTÔT EN LIGNE</p>
