{"id":6013,"date":"2025-09-22T13:05:39","date_gmt":"2025-09-22T11:05:39","guid":{"rendered":"https:\/\/maternelle.providence-wavre.be\/?page_id=6013"},"modified":"2026-08-27T11:12:30","modified_gmt":"2026-08-27T09:12:30","slug":"eveil-aux-langues-a-la-providence","status":"publish","type":"page","link":"https:\/\/maternelle.providence-wavre.be\/index.php\/eveil-aux-langues-a-la-providence\/","title":{"rendered":"Eveil aux langues \u00e0 la Providence"},"content":{"rendered":"\n<p class=\"wp-block-paragraph\">Dans notre \u00e9cole, nous invitons les parents, oncles, tantes, grands-parents,&#8230; qui ma\u00eetrisent une langue \u00e9trang\u00e8re \u00e0 venir partager, lorsqu&rsquo;ils le souhaitent, une histoire, un conte, une po\u00e9sie,&#8230; dans leur langue maternelle. Une exp\u00e9rience riche et appr\u00e9ci\u00e9e de tous. <\/p>\n\n\n\n<figure class=\"wp-block-gallery has-nested-images columns-default is-cropped wp-block-gallery-1 is-layout-flex wp-block-gallery-is-layout-flex\"><\/figure>\n\n\n\n<figure class=\"wp-block-gallery has-nested-images columns-default is-cropped wp-block-gallery-2 is-layout-flex wp-block-gallery-is-layout-flex\"><\/figure>\n\n\n\n<figure class=\"wp-block-gallery has-nested-images columns-default is-cropped wp-block-gallery-3 is-layout-flex wp-block-gallery-is-layout-flex\"><\/figure>\n","protected":false},"excerpt":{"rendered":"<p>Dans notre \u00e9cole, nous invitons les parents, oncles, tantes, grands-parents,&#8230; qui ma\u00eetrisent une langue \u00e9trang\u00e8re \u00e0 venir partager, lorsqu&rsquo;ils le souhaitent, une histoire, un conte, une po\u00e9sie,&#8230; dans leur langue maternelle. Une exp\u00e9rience riche et appr\u00e9ci\u00e9e de tous.<\/p>\n","protected":false},"author":1,"featured_media":0,"parent":0,"menu_order":0,"comment_status":"closed","ping_status":"closed","template":"","meta":{"footnotes":""},"class_list":["post-6013","page","type-page","status-publish","hentry"],"_links":{"self":[{"href":"https:\/\/maternelle.providence-wavre.be\/index.php\/wp-json\/wp\/v2\/pages\/6013","targetHints":{"allow":["GET"]}}],"collection":[{"href":"https:\/\/maternelle.providence-wavre.be\/index.php\/wp-json\/wp\/v2\/pages"}],"about":[{"href":"https:\/\/maternelle.providence-wavre.be\/index.php\/wp-json\/wp\/v2\/types\/page"}],"author":[{"embeddable":true,"href":"https:\/\/maternelle.providence-wavre.be\/index.php\/wp-json\/wp\/v2\/users\/1"}],"replies":[{"embeddable":true,"href":"https:\/\/maternelle.providence-wavre.be\/index.php\/wp-json\/wp\/v2\/comments?post=6013"}],"version-history":[{"count":2,"href":"https:\/\/maternelle.providence-wavre.be\/index.php\/wp-json\/wp\/v2\/pages\/6013\/revisions"}],"predecessor-version":[{"id":6116,"href":"https:\/\/maternelle.providence-wavre.be\/index.php\/wp-json\/wp\/v2\/pages\/6013\/revisions\/6116"}],"wp:attachment":[{"href":"https:\/\/maternelle.providence-wavre.be\/index.php\/wp-json\/wp\/v2\/media?parent=6013"}],"curies":[{"name":"wp","href":"https:\/\/api.w.org\/{rel}","templated":true}]}}

Eveil aux langues à la Providence

<p class="wp-block-paragraph">Dans notre école, nous invitons les parents, oncles, tantes, grands-parents,&#8230; qui maîtrisent une langue étrangère à venir partager, lorsqu&rsquo;ils le souhaitent, une histoire, un conte, une poésie,&#8230; dans leur langue maternelle. Une expérience riche et appréciée de tous. </p>



<figure class="wp-block-gallery has-nested-images columns-default is-cropped wp-block-gallery-1 is-layout-flex wp-block-gallery-is-layout-flex"></figure>



<figure class="wp-block-gallery has-nested-images columns-default is-cropped wp-block-gallery-2 is-layout-flex wp-block-gallery-is-layout-flex"></figure>



<figure class="wp-block-gallery has-nested-images columns-default is-cropped wp-block-gallery-3 is-layout-flex wp-block-gallery-is-layout-flex"></figure>

<p>Dans notre école, nous invitons les parents, oncles, tantes, grands-parents,&#8230; qui maîtrisent une langue étrangère à venir partager, lorsqu&rsquo;ils le souhaitent, une histoire, un conte, une poésie,&#8230; dans leur langue maternelle. Une expérience riche et appréciée de tous.</p>
