{"id":6029,"date":"2025-09-22T13:20:22","date_gmt":"2025-09-22T11:20:22","guid":{"rendered":"https:\/\/maternelle.providence-wavre.be\/?page_id=6029"},"modified":"2025-09-22T13:20:22","modified_gmt":"2025-09-22T11:20:22","slug":"forestum-est-de-retour","status":"publish","type":"page","link":"https:\/\/maternelle.providence-wavre.be\/index.php\/forestum-est-de-retour\/","title":{"rendered":"Forestum est de retour !"},"content":{"rendered":"\n<p>Quelles surprises ce petit lutin malicieux va-t-il r\u00e9server \u00e0 nos petits \u00e9l\u00e8ves ? <\/p>\n\n\n\n<p>Nous allons pouvoir suivre ses aventures&#8230; <\/p>\n\n\n\n<figure class=\"wp-block-gallery has-nested-images columns-default is-cropped wp-block-gallery-1 is-layout-flex wp-block-gallery-is-layout-flex\">\n<figure class=\"wp-block-image size-large is-style-rounded\"><img loading=\"lazy\" decoding=\"async\" width=\"760\" height=\"548\" data-id=\"6024\" src=\"https:\/\/maternelle.providence-wavre.be\/wp-content\/uploads\/2025\/09\/IMG-20250922-WA0021.jpg\" alt=\"\" class=\"wp-image-6024\" srcset=\"https:\/\/maternelle.providence-wavre.be\/wp-content\/uploads\/2025\/09\/IMG-20250922-WA0021.jpg 760w, https:\/\/maternelle.providence-wavre.be\/wp-content\/uploads\/2025\/09\/IMG-20250922-WA0021-300x216.jpg 300w\" sizes=\"auto, (max-width: 706px) 89vw, (max-width: 767px) 82vw, 740px\" \/><figcaption class=\"wp-element-caption\">Ce matin du 22 septembre, nous avons trouv\u00e9 une dr\u00f4le de valise dans la classe de M3 ! <\/figcaption><\/figure>\n<\/figure>\n","protected":false},"excerpt":{"rendered":"<p>Quelles surprises ce petit lutin malicieux va-t-il r\u00e9server \u00e0 nos petits \u00e9l\u00e8ves ? Nous allons pouvoir suivre ses aventures&#8230;<\/p>\n","protected":false},"author":1,"featured_media":0,"parent":0,"menu_order":0,"comment_status":"closed","ping_status":"closed","template":"","meta":{"footnotes":""},"class_list":["post-6029","page","type-page","status-publish","hentry"],"_links":{"self":[{"href":"https:\/\/maternelle.providence-wavre.be\/index.php\/wp-json\/wp\/v2\/pages\/6029","targetHints":{"allow":["GET"]}}],"collection":[{"href":"https:\/\/maternelle.providence-wavre.be\/index.php\/wp-json\/wp\/v2\/pages"}],"about":[{"href":"https:\/\/maternelle.providence-wavre.be\/index.php\/wp-json\/wp\/v2\/types\/page"}],"author":[{"embeddable":true,"href":"https:\/\/maternelle.providence-wavre.be\/index.php\/wp-json\/wp\/v2\/users\/1"}],"replies":[{"embeddable":true,"href":"https:\/\/maternelle.providence-wavre.be\/index.php\/wp-json\/wp\/v2\/comments?post=6029"}],"version-history":[{"count":1,"href":"https:\/\/maternelle.providence-wavre.be\/index.php\/wp-json\/wp\/v2\/pages\/6029\/revisions"}],"predecessor-version":[{"id":6032,"href":"https:\/\/maternelle.providence-wavre.be\/index.php\/wp-json\/wp\/v2\/pages\/6029\/revisions\/6032"}],"wp:attachment":[{"href":"https:\/\/maternelle.providence-wavre.be\/index.php\/wp-json\/wp\/v2\/media?parent=6029"}],"curies":[{"name":"wp","href":"https:\/\/api.w.org\/{rel}","templated":true}]}}