{"id":7,"date":"2021-06-27T23:44:12","date_gmt":"2021-06-27T21:44:12","guid":{"rendered":"http:\/\/maternelle.providence-wavre.be\/?page_id=7"},"modified":"2025-09-04T10:45:45","modified_gmt":"2025-09-04T08:45:45","slug":"bienvenue","status":"publish","type":"page","link":"https:\/\/maternelle.providence-wavre.be\/","title":{"rendered":"Bienvenue \u00e0 tous dans notre \u00e9cole !"},"content":{"rendered":"\n<p class=\"has-black-color has-white-background-color has-text-color has-background has-medium-font-size\" style=\"line-height:2.1\">Vous voici sur le site internet de la section maternelle de l\u2019Institut de la Providence. Nous sommes heureux de votre visite et vous remercions pour l&rsquo;int\u00e9r\u00eat que vous portez \u00e0 notre \u00e9tablissement. Si des questions subsistent lorsque votre consultation du site est termin\u00e9e, n&rsquo;h\u00e9sitez pas \u00e0 prendre contact avec nous ( onglet \u00ab\u00a0nous contacter\u00a0\u00bb ) et nous nous ferons un plaisir de r\u00e9pondre \u00e0 celles-ci. <\/p>\n\n\n\n<p class=\"has-black-color has-white-background-color has-text-color has-background has-medium-font-size\" style=\"line-height:2.1\"> Notre \u00e9cole accueille vos&nbsp;enfants&nbsp;au centre de Wavre, rue des Fontaines pour la section maternelle et primaire et rue de Nivelles pour la section secondaire. <\/p>\n\n\n\n<p class=\"has-black-color has-white-background-color has-text-color has-background has-medium-font-size\" style=\"line-height:2.1\">Dans notre \u00e9cole, les enfants sont au c\u0153ur de l&rsquo;attention de toute l\u2019\u00e9quipe \u00e9ducative. Chacun est consid\u00e9r\u00e9 selon ce qu&rsquo;il est et selon ce qu&rsquo;il est capable de faire. Chaque enfant est unique et poss\u00e8de un talent ! <\/p>\n\n\n\n<p class=\"has-black-color has-white-background-color has-text-color has-background has-medium-font-size\" style=\"line-height:2.1\">L\u2019entr\u00e9e \u00e0 l\u2019\u00e9cole maternelle est un grand moment pour tous les enfants mais aussi pour leurs parents. C\u2019est le d\u00e9but d\u2019un long parcours, d\u2019une belle aventure \u00e0 laquelle prennent part les \u00e9l\u00e8ves, l\u2019\u00e9quipe \u00e9ducative mais aussi vous-m\u00eame !<\/p>\n\n\n\n<p class=\"has-black-color has-white-background-color has-text-color has-background has-medium-font-size\" style=\"line-height:2.1\">Avec notre site internet, nous esp\u00e9rons vous faire d\u00e9couvrir notre \u00e9cole de mani\u00e8re ludique et compl\u00e8te. Notre \u00e9tablissement est un endroit o\u00f9 les enfants sont heureux, motiv\u00e9s pour apprendre, et ce, gr\u00e2ce en grande partie au dynamisme de toute l\u2019\u00e9quipe. <\/p>\n\n\n\n<p class=\"has-black-color has-white-background-color has-text-color has-background has-medium-font-size\" style=\"line-height:2.1\">Je vous souhaite une agr\u00e9able visite virtuelle et c\u2019est avec plaisir que je vous accueillerai dans notre \u00e9cole.<\/p>\n\n\n\n<p class=\"has-black-color has-white-background-color has-text-color has-background has-medium-font-size\" style=\"line-height:2.1\">&nbsp;&nbsp;&nbsp;&nbsp;&nbsp;&nbsp;&nbsp;&nbsp;&nbsp;&nbsp;&nbsp;&nbsp;&nbsp;&nbsp;&nbsp; Madame Bouhon&nbsp; &#8211; Directrice de la section maternelle. <\/p>\n","protected":false},"excerpt":{"rendered":"<p>Vous voici sur le site internet de la section maternelle de l\u2019Institut de la Providence. Nous sommes heureux de votre visite et vous remercions pour l&rsquo;int\u00e9r\u00eat que vous portez \u00e0 notre \u00e9tablissement. Si des questions subsistent lorsque votre consultation du site est termin\u00e9e, n&rsquo;h\u00e9sitez pas \u00e0 prendre contact avec nous ( onglet \u00ab\u00a0nous contacter\u00a0\u00bb ) &hellip; <\/p>\n<p class=\"link-more\"><a href=\"https:\/\/maternelle.providence-wavre.be\/\" class=\"more-link\">Continuer la lecture<span class=\"screen-reader-text\"> de &laquo;&nbsp;Bienvenue \u00e0 tous dans notre \u00e9cole !&nbsp;&raquo;<\/span><\/a><\/p>\n","protected":false},"author":1,"featured_media":5929,"parent":1313,"menu_order":0,"comment_status":"closed","ping_status":"closed","template":"","meta":{"footnotes":""},"class_list":["post-7","page","type-page","status-publish","has-post-thumbnail","hentry"],"_links":{"self":[{"href":"https:\/\/maternelle.providence-wavre.be\/index.php\/wp-json\/wp\/v2\/pages\/7","targetHints":{"allow":["GET"]}}],"collection":[{"href":"https:\/\/maternelle.providence-wavre.be\/index.php\/wp-json\/wp\/v2\/pages"}],"about":[{"href":"https:\/\/maternelle.providence-wavre.be\/index.php\/wp-json\/wp\/v2\/types\/page"}],"author":[{"embeddable":true,"href":"https:\/\/maternelle.providence-wavre.be\/index.php\/wp-json\/wp\/v2\/users\/1"}],"replies":[{"embeddable":true,"href":"https:\/\/maternelle.providence-wavre.be\/index.php\/wp-json\/wp\/v2\/comments?post=7"}],"version-history":[{"count":10,"href":"https:\/\/maternelle.providence-wavre.be\/index.php\/wp-json\/wp\/v2\/pages\/7\/revisions"}],"predecessor-version":[{"id":5536,"href":"https:\/\/maternelle.providence-wavre.be\/index.php\/wp-json\/wp\/v2\/pages\/7\/revisions\/5536"}],"up":[{"embeddable":true,"href":"https:\/\/maternelle.providence-wavre.be\/index.php\/wp-json\/wp\/v2\/pages\/1313"}],"wp:featuredmedia":[{"embeddable":true,"href":"https:\/\/maternelle.providence-wavre.be\/index.php\/wp-json\/wp\/v2\/media\/5929"}],"wp:attachment":[{"href":"https:\/\/maternelle.providence-wavre.be\/index.php\/wp-json\/wp\/v2\/media?parent=7"}],"curies":[{"name":"wp","href":"https:\/\/api.w.org\/{rel}","templated":true}]}}